bb9 (base 12) to base 9.
-538786
Convert -2223141 (base 9) to base 7.
-13112032
Convert 20231322 (base 6) to base 13.
173ab6
What is 6375c (base 15) in base 5?
40044122
What is 23226232 (base 7) in base 11?
1174177
Convert -101223331000 (base 4) to base 13.
-c644a4
Convert 367893 (base 14) to base 13.
503a9a
-212001201100121 (base 3) to base 7
-206116336
Convert -123410434 (base 5) to base 16.
-94312
What is 1b208 (base 14) in base 6?
1251240
What is -434872 (base 9) in base 2?
-111111010110110100
Convert 110144021 (base 5) to base 9.
803371
What is -4127004 (base 11) in base 3?
-111201011101002
-233363 (base 10) to base 16
-38f93
-6713 (base 16) to base 2
-110011100010011
What is -15894 (base 10) in base 8?
-37026
-1001111000101001011 (base 2) to base 12
-13754b
What is -783437 (base 9) in base 10?
-468376
What is 196681 (base 12) in base 10?
446785
-5312126 (base 7) to base 8
-2345436
Convert -38869 (base 13) to base 16.
-198fa
Convert -111300026 (base 7) to base 6.
-400451442
1052016 (base 7) to base 4
133310301
What is -1519a2 (base 11) in base 14?
-62416
2317678 (base 10) to base 6
121401554
-11889 (base 13) to base 8
-76737
What is 188791 (base 14) in base 2?
11010100000011111011
Convert 1213234 (base 8) to base 6.
11051500
Convert -512565 (base 7) to base 15.
-1ad79
What is -11122220221122 (base 3) in base 7?
-30032063
What is -3b93e (base 16) in base 8?
-734476
-1478801 (base 10) to base 16
-169091
Convert 2002202200110 (base 3) to base 13.
301752
-252205 (base 10) to base 6
-5223341
What is 2752763 (base 10) in base 9?
5155065
-42015435 (base 7) to base 12
-1225040
1000113 (base 4) to base 14
1703
Convert 1110110011110011 (base 2) to base 11.
41635
Convert 2009929 (base 12) to base 9.
12237136
-17add (base 14) to base 12
-2a717
What is -150734 (base 11) in base 5?
-30011030
-20020220211020 (base 3) to base 5
-1322343330
Convert -3631242 (base 7) to base 9.
-773006
What is -93b97 (base 13) in base 4?
-1000312113
What is 44012451 (base 6) in base 2?
100111111011001101111
Convert -13970a (base 16) to base 15.
-1a5600
4ebe37 (base 15) to base 16
39c751
-111011010111110010 (base 2) to base 7
-2031666
Convert -86983 (base 13) to base 4.
-323121202
-3031023 (base 4) to base 15
-3d56
What is -11573 (base 11) in base 8?
-40421
What is 843b2b (base 12) in base 13?
57ac10
1024356 (base 10) to base 2
11111010000101100100
What is -310532 (base 6) in base 11?
-17718
Convert -258067 (base 10) to base 4.
-333000103
-24514350 (base 7) to base 15
-2d87ec
-5255351 (base 7) to base 8
-2331562
Convert 101545246 (base 7) to base 10.
5977936
7821140 (base 9) to base 12
14aa353
What is 1377310 (base 9) in base 10?
759870
What is 1470846 (base 9) in base 12?
333266
What is -a8879 (base 16) in base 3?
-1022001220120
Convert 531557 (base 9) to base 3.
121001121221
-2254206 (base 7) to base 11
-183191
What is -444d96 (base 15) in base 9?
-6113146
Convert -21101510 (base 8) to base 3.
-22110010012101
-116521 (base 9) to base 16
-11308
Convert 8a97a0 (base 11) to base 4.
11201131022
Convert -10101010001010011011 (base 2) to base 12.
-297423
-7342085 (base 10) to base 5
-3334421320
-3104311 (base 6) to base 7
-1156411
What is -65d80 (base 14) in base 13?
-884a6
-1053c (base 14) to base 9
-60103
-23a38 (base 12) to base 13
-18bb1
1010001110111110 (base 2) to base 12
20312
-50161652 (base 7) to base 3
-21210211011222
1000222112320 (base 4) to base 13
368650c
Convert 49145 (base 10) to base 5.
3033040
3b7576 (base 12) to base 7
11252001
Convert -3157546 (base 9) to base 11.
-a56024
Convert -201234244 (base 5) to base 6.
-25133302
Convert a9c443 (base 14) to base 16.
57db3b
10477660 (base 8) to base 14
42bd3a
-663b (base 15) to base 14
-7c6c
10010001000000100 (base 2) to base 7
426312
180e7b (base 16) to base 12
64044b
Convert 31aa62 (base 14) to base 4.
12122133132
What is 4666123 (base 7) in base 16?
8f8c0
What is -197058 (base 12) in base 16?
-6d484
Convert -122050 (base 12) to base 5.
-33400240
-14211103 (base 5) to base 14
-3bb49
What is -112500 (base 10) in base 11?
-77583
Convert 130331413 (base 5) to base 9.
1170073
-46630555 (base 7) to base 14
-78d32c
30002000 (base 5) to base 11
150306
What is 205002 (base 6) in base 15?
4dde
Convert 3cb91a (base 14) to base 13.
589a17
What is 236207 (base 9) in base 3?
21020020021
Convert fae8dd (base 16) to base 2.
111110101110100011011101
-105204545 (base 6) to base 5
-443221041
What is -10114334341 (base 5) in base 4?
-213110301301
-3641101 (base 7) to base 11
-2974a4
10624 (base 8) to base 16
1194
fb343 (base 16) to base 14
1cad91
What is 2400405 (base 9) in base 16?
13d3cf
Convert -3950c (base 13) to base 7.
-621644
-14520691 (base 10) to base 2
-110111011001000101110011
What is -343167 (base 9) in base 12?
-9b074
23121300002 (base 4) to base 8
13316002
201102120100 (base 3) to base 15
78490
What is 1423625 (base 7) in base 3?
100201000212
What is 333504144 (base 6) in base 9?
12353541
222321300 (base 6) to base 7
46220343
What is 64474 (base 8) in base 6?
324420
Convert d4cf (base 16) to base 12.
2763b
-2d382 (base 14) to base 6
-2232034
Convert -5194830 (base 10) to base 15.
-6c9320
-330a8 (base 14) to base 11
-8497a
What is -49101a (base 11) in base 3?
-1110111021211
Convert -4d374 (base 14) to base 2.
-101110011001001010
-39103 (base 14) to base 4
-202031233
Convert 3187758 (base 10) to base 6.
152154050
What is -1173669 (base 12) in base 15?
-46d44c
5aa294 (base 12) to base 2
101100110101100010000
What is -41b081 (base 15) in base 12?
-10687b7
What is -1144041232 (base 5) in base 14?
-50baca
-2b55b80 (base 13) to base 7
-226044051
What is 5feda (base 16) in base 5?
100033142
2467c (base 15) to base 11
7a352
13052a2 (base 13) to base 4
112231022033
What is 1d484d (base 15) in base 2?
101011101110100101001
-b721cd (base 16) to base 3
-211120202021221
What is 14468697 (base 10) in base 5?
12200444242
What is -591071 (base 13) in base 16?
-2048db
87d3d3 (base 14) to base 13
c544c8
55e7 (base 15) to base 16
4729
-10202020100 (base 3) to base 8
-220110
22211 (base 11) to base 10
32198
What is 210222201022 (base 3) in base 4?
1221222302
ccb792 (base 14) to base 5
3234242224
What is -20002121011022 (base 3) in base 14?
-60497a
What is 25a9816 (base 12) in base 13?
17066bb
21a6c (base 14) to base 5
10103012
268037 (base 12) to base 3
1012022100121
Convert 430363 (base 9) to base 12.
104303
-641549 (base 11) to base 15
-1543c4
-38291 (base 14) to base 11
-9451a
-1c9d9 (base 15) to base 11
-64158
What is -1111001101000100 (base 2) in base 8?
-171504
Convert -32563b (base 12) to base 14.
-16a8d9
Convert 16a909 (base 11) to base 3.
111101012001
Convert -5eaa4 (base 16) to base 9.
-650801
-3221010312 (base 4) to base 10
-954678
What is -1023100020 (base 4) in base 5?
-34330412
Convert 5053141 (base 6) to base 7.
2021035
What is 419907 (base 11) in base 4?
2210002300
What is 32223002 (base 4) in base 3?
10001102212
What is -29543 (base 14) in base 5?
-11240232
Convert 210210302 (base 4) to base 8.
444462
-b54586 (base 16) to base 5
-11020123224
Convert 7755a (base 11) to base 9.
181251
What is 1514351 (base 6) in base 15?
1b05a
Convert c1b (base 16) to base 15.
db9
What is -834705 (base 13) in base 8?
-13544223
Convert -609dcd (base 14) to base 6.
-153430305
Convert -12200000 (base 3) to base 9.
-5600
-10112122200 (base 3) to base 15
-159dc
What is -7614a (base 13) in base 15?
-4332a
-28dbe7 (base 15) to base 10
-1970317
-33140243 (base 5) to base 9
-476551
Convert -635607 (base 9) to base 5.
-44044430
What is b998a6 (base 14) in base 12?
2133022
What is 245c15 (base 13) in base 8?
3242745
Convert 4230000 (base 6) to base 11.
130901
Convert 35653 (base 13) to base 12.
4869a
-11200111010 (base 3) to base 6
-1550520
Convert 3081476 (base 12) to base 16.
8b415a
Convert 13221113201 (base 4) to base 10.
2004449
Convert -e0c02 (base 15) to base 14.
-1473c0
Convert -121222210202210 (base 3) to base 7.
-136521345
3120022303 (base 4) to base 16
d82b3
What is -170992 (base 10) in base 7?
-1311343
8411a (base 13) to base 14
62780
What is -5030030 (base 8) in base 5?
-314314112
Convert 2530541 (base 6) to base 10.
136285
What is -7d4c1 (base 16) in base 14?
-d5065
-1144626 (base 7) to base 6
-3042430
-188558a (base 13) to base 5
-40242